2 a factor of 8256?
True
Does 30 divide 6150?
True
Is 18564 a multiple of 84?
True
Is 4335 a multiple of 85?
True
Does 16 divide 1328?
True
Does 4 divide 9224?
True
Is 3 a factor of 4150?
False
Is 39 a factor of 117?
True
Does 10 divide 539?
False
Does 2 divide 808?
True
Does 6 divide 2664?
True
Is 41 a factor of 779?
True
Is 17876 a multiple of 262?
False
Is 91 a factor of 5915?
True
Does 5 divide 96?
False
Is 1044 a multiple of 36?
True
Is 1053 a multiple of 13?
True
Does 34 divide 850?
True
Is 240 a factor of 12077?
False
Is 21726 a multiple of 17?
True
Is 4 a factor of 364?
True
Is 110 a factor of 44660?
True
Is 8 a factor of 1466?
False
Is 47580 a multiple of 15?
True
Is 2717 a multiple of 11?
True
Is 21 a factor of 480?
False
Is 7337 a multiple of 15?
False
Is 19 a factor of 53272?
False
Is 2064 a multiple of 8?
True
Is 10 a factor of 440?
True
Is 38 a factor of 152?
True
Does 49 divide 5047?
True
Is 4646 a multiple of 11?
False
Is 1452 a multiple of 3?
True
Is 3808 a multiple of 112?
True
Does 31 divide 36983?
True
Is 155 a factor of 22033?
False
Is 219 a multiple of 81?
False
Does 31 divide 54870?
True
Is 31347 a multiple of 56?
False
Is 46906 a multiple of 47?
True
Is 35 a factor of 385?
True
Is 2472 a multiple of 40?
False
Is 5940 a multiple of 27?
True
Does 3 divide 98?
False
Is 1176 a multiple of 12?
True
Is 85 a factor of 7519?
False
Does 76 divide 72082?
False
Does 66 divide 42570?
True
Is 13999 a multiple of 21?
False
Is 29998 a multiple of 48?
False
Is 10 a factor of 610?
True
Is 47 a factor of 5327?
False
Is 3360 a multiple of 12?
True
Does 10 divide 120?
True
Is 23562 a multiple of 154?
True
Does 7 divide 199?
False
Does 40 divide 3400?
True
Is 370 a multiple of 7?
False
Does 13 divide 137?
False
Does 107 divide 11827?
False
Is 7 a factor of 211?
False
Is 14396 a multiple of 236?
True
Does 196 divide 12152?
True
Is 35 a factor of 1575?
True
Does 31 divide 775?
True
Is 12 a factor of 2553?
False
Does 41 divide 492?
True
Does 24 divide 3792?
True
Is 182 a multiple of 3?
False
Is 1143 a multiple of 2?
False
Is 30 a factor of 362?
False
Does 13 divide 2340?
True
Is 2 a factor of 340?
True
Is 35 a factor of 45199?
False
Is 12 a factor of 8052?
True
Does 120 divide 22059?
False
Is 5967 a multiple of 52?
False
Is 13 a factor of 2418?
True
Does 7 divide 1945?
False
Does 7 divide 7660?
False
Is 9 a factor of 2952?
True
Is 6 a factor of 336?
True
Does 30 divide 1716?
False
Does 9 divide 1143?
True
Is 21 a factor of 1827?
True
Is 471 a multiple of 6?
False
Is 2549 a multiple of 43?
False
Does 17 divide 627?
False
Is 140 a multiple of 28?
True
Is 69 a factor of 414?
True
Is 212 a multiple of 6?
False
Is 35 a factor of 700?
True
Is 1436 a multiple of 73?
False
Does 34 divide 272?
True
Does 28 divide 6686?
False
Is 17 a factor of 1310?
False
Is 140 a factor of 2505?
False
Does 10 divide 68010?
True
Is 86 a multiple of 8?
False
Does 19 divide 893?
True
Is 176 a factor of 53152?
True
Is 10 a factor of 351?
False
Does 17 divide 238?
True
Is 15 a factor of 48879?
False
Is 10415 a multiple of 15?
False
Does 185 divide 1668?
False
Is 8 a factor of 1280?
True
Does 121 divide 27203?
False
Is 12 a factor of 16578?
False
Is 394 a multiple of 19?
False
Does 22 divide 22022?
True
Is 120 a factor of 1080?
True
Does 24 divide 51639?
False
Does 8 divide 536?
True
Is 70 a factor of 18958?
False
Is 7 a factor of 70?
True
Is 5 a factor of 1065?
True
Is 722 a multiple of 38?
True
Does 173 divide 84078?
True
Does 10 divide 120?
True
Is 1949 a multiple of 13?
False
Does 21 divide 861?
True
Is 18 a factor of 5040?
True
Is 126 a multiple of 11?
False
Is 73 a factor of 1432?
False
Is 4878 a multiple of 9?
True
Is 1820 a multiple of 13?
True
Does 18 divide 1357?
False
Is 9 a factor of 720?
True
Is 363 a multiple of 6?
False
Is 21 a factor of 1150?
False
Is 24 a factor of 960?
True
Does 18 divide 236?
False
Is 5 a factor of 7288?
False
Is 89152 a multiple of 32?
True
Does 46 divide 1231?
False
Is 6 a factor of 527?
False
Does 50 divide 9687?
False
Is 2 a factor of 3621?
False
Is 12240 a multiple of 68?
True
Is 8 a factor of 4648?
True
Is 880 a multiple of 55?
True
Does 15 divide 68763?
False
Does 32 divide 14752?
True
Does 7 divide 672?
True
Is 1412 a multiple of 18?
False
Is 22 a factor of 2432?
False
Is 4500 a multiple of 25?
True
Does 3 divide 38079?
True
Is 25506 a multiple of 78?
True
Is 35 a factor of 3990?
True
Does 57 divide 1047?
False
Is 43 a factor of 344?
True
Is 16587 a multiple of 57?
True
Does 106 divide 37314?
False
Does 27 divide 648?
True
Does 238 divide 1428?
True
Is 305 a multiple of 5?
True
Does 112 divide 13776?
True
Does 23 divide 35323?
False
Is 42 a factor of 3366?
False
Does 73 divide 3612?
False
Does 17 divide 12478?
True
Is 38 a factor of 4864?
True
Is 194 a multiple of 11?
False
Does 21 divide 234?
False
Is 418 a multiple of 4?
False
Is 23472 a multiple of 36?
True
Does 13 divide 2741?
False
Is 9 a factor of 15?
False
Does 60 divide 3420?
True
Does 6 divide 6780?
True
Is 3 a factor of 237?
True
Is 462 a multiple of 14?
True
Does 78 divide 6686?
False
Does 33 divide 9009?
True
Does 94 divide 7690?
False
Does 7 divide 847?
True
Is 2205 a multiple of 49?
True
Does 243 divide 113967?
True
Does 170 divide 96560?
True
Does 33 divide 789?
False
Does 108 divide 99468?
True
Is 5 a factor of 4154?
False
Is 90 a factor of 6570?
True
Does 6 divide 42684?
True
Is 10 a factor of 2002?
False
Does 28 divide 3025?
False
Is 16 a factor of 408?
False
Is 13 a factor of 286?
True
Is 25188 a multiple of 158?
False
Does 10 divide 32444?
False
Is 560 a multiple of 28?
True
Is 18 a factor of 54?
True
Is 23800 a multiple of 50?
True
Is 6 a factor of 852?
True
Is 61 a factor of 45689?
True
Is 36 a factor of 73509?
False
Is 6 a factor of 2400?
True
Is 14034 a multiple of 53?
False
Is 3021 a multiple of 17?
False
Is 148 a factor of 403?
False
Is 1292 a multiple of 19?
True
Is 12064 a multiple of 26?
True
Is 8 a factor of 48?
True
Does 11 divide 3118?
False
Is 49 a factor of 1617?
True
Is 43 a factor of 1075?
True
Does 51 divide 905?
False
Is 24 a factor of 33?
False
Does 11 divide 1979?
False
Is 2800 a multiple of 56?
True
Does 62 divide 4519?
False
Does 25 divide 3207?
False
Does 33 divide 495?
True
Is 23838 a multiple of 3?
True
Is 2 a factor of 1388?
True
Is 9 a factor of 1269?
True
Is 54 a factor of 1626?
False
Does 10 divide 330?
True
Is 12 a factor of 4152?
True
Does 9 divide 1908?
True
Does 6 divide 7452?
True
Is 24 a factor of 1040?
False
Is 3 a factor of 58?
False
Does 15 divide 4110?
True
Does 5 divide 462?
False
Is 7336 a multiple of 56?
True
Does 20 divide 152440?
True
Is 97 a factor of 2635?
False
Is 19 a factor of 7186?
False
Is 88 a factor of 20411?
False
Is 21 a factor of 1050?
True
Is 8077 a multiple of 7?
False
Is 3 a factor of 1114?
False
Does 42 divide 2604?
True
Is 2 a factor of 53?
False
Does 2 divide 457?
False
Is 234 a multiple of 39?
True
Is 3 a factor of 614?
False
Is 11 a factor of 1628?
True
Is 290 a multiple of 58?
True
Does 51 divide 1354?
False
Does 49 divide 882?
True
Is 8280 a multiple of 20?
True
Is 18315 a multiple of 18?
False
Is 25 a factor of 533?
False
Does 9 divide 6345?
True
Is 9 a factor of 3612?
False
Does 9 divide 3111?
False
Does 32 divide 1650?
False
Is 12 a factor of 15997?
False
Is 13 a factor of 930?
False
Is 4935 a multiple of 5?
True
Is 2244 a multiple of 34?
True
Is 888 a multiple of 28?
False
Is 12960 a multiple of 72?
True
Does 70 divide 18200?
True
Is 11 a factor of 892?
False
Is 22 a factor of 2860?
True
Does 49 divide 304?
False
Is 32700 a multiple of 12?
True
Is 1032 a multiple of 24?
True
Is 12 a factor of 150?
False
Is 236 a multiple of 5?
False
Is 507 a multiple of 72?
False
Does 22 divide 82720?
True
Is 30 a factor of 5820?
True
Does 17 divide 2669?
True
Is 336 a multiple of 66?
False
Is 58 a factor of 21844?
False
Is 36 a factor of 1224?
True
Is 78 a factor of 4446?
True
Is 6 a factor of 8687?
False
Is 13 a factor of 4030?
True
Does 16 divide 84768?
True
Does 114 divide 1026?
True
Does 38 divide 3499?
False
Is 2 a factor of 1651?
False
Does 66 divide 660?
True
Does 54 divide 1836?
True
Is 25 a multiple of 4?
False
Is 56 a factor of 9128?
True
Does 65 divide 15535?
True
Is 5 a factor of 55?
True
Is 